{"id":12501,"date":"2015-07-13T13:36:31","date_gmt":"2015-07-13T11:36:31","guid":{"rendered":"http:\/\/www.maine-anjou.de\/fr\/?post_type=portfolio&#038;p=12501"},"modified":"2015-07-13T13:36:31","modified_gmt":"2015-07-13T11:36:31","slug":"assemblees-generales-2015","status":"publish","type":"portfolio","link":"https:\/\/www.maine-anjou.de\/fr\/galerien\/assemblees-generales-2015","title":{"rendered":"Assembl\u00e9es g\u00e9n\u00e9rales 2015"},"content":{"rendered":"<div  class='flex_column av-av_one_full-2a9015ff38129c418a3f2eafba3e9512 av_one_full  avia-builder-el-0  avia-builder-el-no-sibling  first flex_column_div  '     ><p>\n<style type=\"text\/css\" data-created_by=\"avia_inline_auto\" id=\"style-css-av-av_heading-24daf8baa2a6a4a56f8cd3ca4b6ffb9a\">\n#top .av-special-heading.av-av_heading-24daf8baa2a6a4a56f8cd3ca4b6ffb9a{\npadding-bottom:10px;\n}\nbody .av-special-heading.av-av_heading-24daf8baa2a6a4a56f8cd3ca4b6ffb9a .av-special-heading-tag .heading-char{\nfont-size:25px;\n}\n.av-special-heading.av-av_heading-24daf8baa2a6a4a56f8cd3ca4b6ffb9a .av-subheading{\nfont-size:15px;\n}\n<\/style>\n<div  class='av-special-heading av-av_heading-24daf8baa2a6a4a56f8cd3ca4b6ffb9a av-special-heading-h2  avia-builder-el-1  el_before_av_textblock  avia-builder-el-first '><h2 class='av-special-heading-tag'  itemprop=\"headline\"  >Maine-Anjou Assembl\u00e9es g\u00e9n\u00e9rales<\/h2><div class=\"special-heading-border\"><div class=\"special-heading-inner-border\"><\/div><\/div><\/div><br \/>\n<section  class='av_textblock_section av-av_textblock-0366cc7376be6c9e82a3e9cc8987b64f '   itemscope=\"itemscope\" itemtype=\"https:\/\/schema.org\/CreativeWork\" ><div class='avia_textblock'  itemprop=\"text\" ><p>Images de Assembl\u00e9e G\u00e9n\u00e9rale 2015 \u00e0 la ferme Weyand \u00e0 Duisburg<\/p>\n<\/div><\/section><br \/>\n<div id='av-masonry-1' class='av-masonry av-av_masonry_gallery-00baff37d3e754577f815e2a22c100c1 noHover av-fixed-size av-large-gap av-hover-overlay- av-masonry-animation-active av-masonry-col-flexible av-caption-on-hover av-caption-style- av-masonry-gallery ' data-post_id=\"12501\"><div class=\"av-masonry-container isotope av-js-disabled\"><div class='av-masonry-entry isotope-item av-masonry-item-no-image '><\/div><a href=\"https:\/\/www.maine-anjou.de\/ma\/assets\/2015\/07\/jhv-2015-maine-anjou-kuh-2-von-reinhard-weyand.jpg\"  aria-label=\"image Assembl\u00e9es g\u00e9n\u00e9rales 2015 \u00e0 Duisburg\"  id='av-masonry-1-item-12481' data-av-masonry-item='12481' class='av-masonry-entry isotope-item post-12481 attachment type-attachment status-inherit hentry  av-masonry-item-with-image av-grid-img' title=\"Assembl\u00e9es g\u00e9n\u00e9rales 2015 \u00e0 Duisburg\" alt=\"Assembl\u00e9es g\u00e9n\u00e9rales 2015 \u00e0 Duisburg\"    itemprop=\"thumbnailUrl\" ><div class='av-inner-masonry-sizer'><\/div><figure class='av-inner-masonry main_color'><div class=\"av-masonry-outerimage-container\"><div class='av-masonry-image-container' style=\"background-image: url(https:\/\/www.maine-anjou.de\/ma\/assets\/2015\/07\/jhv-2015-maine-anjou-kuh-2-von-reinhard-weyand-705x470.jpg);\"  title=\"Assembl\u00e9es g\u00e9n\u00e9rales 2015 \u00e0 Duisburg\"   alt=\"Assembl\u00e9es g\u00e9n\u00e9rales 2015 \u00e0 Duisburg\" ><\/div><\/div><figcaption class='av-inner-masonry-content site-background'><div class='av-inner-masonry-content-pos'><div class='av-inner-masonry-content-pos-content'><div class='avia-arrow'><\/div><h3 class='av-masonry-entry-title entry-title '  itemprop=\"headline\" >Assembl\u00e9es g\u00e9n\u00e9rales 2015 \u00e0 Duisburg<\/h3><\/div><\/div><\/figcaption><\/figure><\/a><!--end av-masonry entry--><a href=\"https:\/\/www.maine-anjou.de\/ma\/assets\/2015\/07\/jhv-2015-maine-anjou-kuh-kaelber-von-reinhard-weyand.jpg\"  aria-label=\"image Assembl\u00e9es g\u00e9n\u00e9rales 2015 \u00e0 Duisburg\"  id='av-masonry-1-item-12484' data-av-masonry-item='12484' class='av-masonry-entry isotope-item post-12484 attachment type-attachment status-inherit hentry  av-masonry-item-with-image av-grid-img' title=\"Assembl\u00e9es g\u00e9n\u00e9rales 2015 \u00e0 Duisburg\" alt=\"Assembl\u00e9es g\u00e9n\u00e9rales 2015 \u00e0 Duisburg\"    itemprop=\"thumbnailUrl\" ><div class='av-inner-masonry-sizer'><\/div><figure class='av-inner-masonry main_color'><div class=\"av-masonry-outerimage-container\"><div class='av-masonry-image-container' style=\"background-image: url(https:\/\/www.maine-anjou.de\/ma\/assets\/2015\/07\/jhv-2015-maine-anjou-kuh-kaelber-von-reinhard-weyand-470x705.jpg);\"  title=\"Assembl\u00e9es g\u00e9n\u00e9rales 2015 \u00e0 Duisburg\"   alt=\"Assembl\u00e9es g\u00e9n\u00e9rales 2015 \u00e0 Duisburg\" ><\/div><\/div><figcaption class='av-inner-masonry-content site-background'><div class='av-inner-masonry-content-pos'><div class='av-inner-masonry-content-pos-content'><div class='avia-arrow'><\/div><h3 class='av-masonry-entry-title entry-title '  itemprop=\"headline\" >Assembl\u00e9es g\u00e9n\u00e9rales 2015 \u00e0 Duisburg<\/h3><\/div><\/div><\/figcaption><\/figure><\/a><!--end av-masonry entry--><a href=\"https:\/\/www.maine-anjou.de\/ma\/assets\/2015\/07\/jhv-2015-maine-anjou-kuh-von-reinhard-weyand.jpg\"  aria-label=\"image Assembl\u00e9es g\u00e9n\u00e9rales 2015 \u00e0 Duisburg\"  id='av-masonry-1-item-12487' data-av-masonry-item='12487' class='av-masonry-entry isotope-item post-12487 attachment type-attachment status-inherit hentry  av-masonry-item-with-image av-grid-img' title=\"Assembl\u00e9es g\u00e9n\u00e9rales 2015 \u00e0 Duisburg\" alt=\"Assembl\u00e9es g\u00e9n\u00e9rales 2015 \u00e0 Duisburg\"    itemprop=\"thumbnailUrl\" ><div class='av-inner-masonry-sizer'><\/div><figure class='av-inner-masonry main_color'><div class=\"av-masonry-outerimage-container\"><div class='av-masonry-image-container' style=\"background-image: url(https:\/\/www.maine-anjou.de\/ma\/assets\/2015\/07\/jhv-2015-maine-anjou-kuh-von-reinhard-weyand-705x470.jpg);\"  title=\"Assembl\u00e9es g\u00e9n\u00e9rales 2015 \u00e0 Duisburg\"   alt=\"Assembl\u00e9es g\u00e9n\u00e9rales 2015 \u00e0 Duisburg\" ><\/div><\/div><figcaption class='av-inner-masonry-content site-background'><div class='av-inner-masonry-content-pos'><div class='av-inner-masonry-content-pos-content'><div class='avia-arrow'><\/div><h3 class='av-masonry-entry-title entry-title '  itemprop=\"headline\" >Assembl\u00e9es g\u00e9n\u00e9rales 2015 \u00e0 Duisburg<\/h3><\/div><\/div><\/figcaption><\/figure><\/a><!--end av-masonry entry--><a href=\"https:\/\/www.maine-anjou.de\/ma\/assets\/2015\/07\/jhv-2015-mitfahrer.jpg\"  aria-label=\"image Assembl\u00e9es g\u00e9n\u00e9rales 2015 \u00e0 Duisburg\"  id='av-masonry-1-item-12490' data-av-masonry-item='12490' class='av-masonry-entry isotope-item post-12490 attachment type-attachment status-inherit hentry  av-masonry-item-with-image av-grid-img' title=\"Assembl\u00e9es g\u00e9n\u00e9rales 2015 \u00e0 Duisburg\" alt=\"Assembl\u00e9es g\u00e9n\u00e9rales 2015 \u00e0 Duisburg\"    itemprop=\"thumbnailUrl\" ><div class='av-inner-masonry-sizer'><\/div><figure class='av-inner-masonry main_color'><div class=\"av-masonry-outerimage-container\"><div class='av-masonry-image-container' style=\"background-image: url(https:\/\/www.maine-anjou.de\/ma\/assets\/2015\/07\/jhv-2015-mitfahrer-705x470.jpg);\"  title=\"Assembl\u00e9es g\u00e9n\u00e9rales 2015 \u00e0 Duisburg\"   alt=\"Assembl\u00e9es g\u00e9n\u00e9rales 2015 \u00e0 Duisburg\" ><\/div><\/div><figcaption class='av-inner-masonry-content site-background'><div class='av-inner-masonry-content-pos'><div class='av-inner-masonry-content-pos-content'><div class='avia-arrow'><\/div><h3 class='av-masonry-entry-title entry-title '  itemprop=\"headline\" >Assembl\u00e9es g\u00e9n\u00e9rales 2015 \u00e0 Duisburg<\/h3><\/div><\/div><\/figcaption><\/figure><\/a><!--end av-masonry entry--><a href=\"https:\/\/www.maine-anjou.de\/ma\/assets\/2015\/07\/jhv-2015-mitglieder.jpg\"  aria-label=\"image Assembl\u00e9es g\u00e9n\u00e9rales 2015 \u00e0 Duisburg\"  id='av-masonry-1-item-12493' data-av-masonry-item='12493' class='av-masonry-entry isotope-item post-12493 attachment type-attachment status-inherit hentry  av-masonry-item-with-image av-grid-img' title=\"Assembl\u00e9es g\u00e9n\u00e9rales 2015 \u00e0 Duisburg\" alt=\"Assembl\u00e9es g\u00e9n\u00e9rales 2015 \u00e0 Duisburg\"    itemprop=\"thumbnailUrl\" ><div class='av-inner-masonry-sizer'><\/div><figure class='av-inner-masonry main_color'><div class=\"av-masonry-outerimage-container\"><div class='av-masonry-image-container' style=\"background-image: url(https:\/\/www.maine-anjou.de\/ma\/assets\/2015\/07\/jhv-2015-mitglieder-705x470.jpg);\"  title=\"Assembl\u00e9es g\u00e9n\u00e9rales 2015 \u00e0 Duisburg\"   alt=\"Assembl\u00e9es g\u00e9n\u00e9rales 2015 \u00e0 Duisburg\" ><\/div><\/div><figcaption class='av-inner-masonry-content site-background'><div class='av-inner-masonry-content-pos'><div class='av-inner-masonry-content-pos-content'><div class='avia-arrow'><\/div><h3 class='av-masonry-entry-title entry-title '  itemprop=\"headline\" >Assembl\u00e9es g\u00e9n\u00e9rales 2015 \u00e0 Duisburg<\/h3><\/div><\/div><\/figcaption><\/figure><\/a><!--end av-masonry entry--><a href=\"https:\/\/www.maine-anjou.de\/ma\/assets\/2015\/07\/jhv-2015-transport.jpg\"  aria-label=\"image Assembl\u00e9es g\u00e9n\u00e9rales 2015 \u00e0 Duisburg\"  id='av-masonry-1-item-12496' data-av-masonry-item='12496' class='av-masonry-entry isotope-item post-12496 attachment type-attachment status-inherit hentry  av-masonry-item-with-image av-grid-img' title=\"Assembl\u00e9es g\u00e9n\u00e9rales 2015 \u00e0 Duisburg\" alt=\"Assembl\u00e9es g\u00e9n\u00e9rales 2015 \u00e0 Duisburg\"    itemprop=\"thumbnailUrl\" ><div class='av-inner-masonry-sizer'><\/div><figure class='av-inner-masonry main_color'><div class=\"av-masonry-outerimage-container\"><div class='av-masonry-image-container' style=\"background-image: url(https:\/\/www.maine-anjou.de\/ma\/assets\/2015\/07\/jhv-2015-transport-705x470.jpg);\"  title=\"Assembl\u00e9es g\u00e9n\u00e9rales 2015 \u00e0 Duisburg\"   alt=\"Assembl\u00e9es g\u00e9n\u00e9rales 2015 \u00e0 Duisburg\" ><\/div><\/div><figcaption class='av-inner-masonry-content site-background'><div class='av-inner-masonry-content-pos'><div class='av-inner-masonry-content-pos-content'><div class='avia-arrow'><\/div><h3 class='av-masonry-entry-title entry-title '  itemprop=\"headline\" >Assembl\u00e9es g\u00e9n\u00e9rales 2015 \u00e0 Duisburg<\/h3><\/div><\/div><\/figcaption><\/figure><\/a><!--end av-masonry entry--><a href=\"https:\/\/www.maine-anjou.de\/ma\/assets\/2015\/07\/jhv-2015-transportfahrzeug.jpg\"  aria-label=\"image Assembl\u00e9es g\u00e9n\u00e9rales 2015 \u00e0 Duisburg\"  id='av-masonry-1-item-12499' data-av-masonry-item='12499' class='av-masonry-entry isotope-item post-12499 attachment type-attachment status-inherit hentry  av-masonry-item-with-image av-grid-img' title=\"Assembl\u00e9es g\u00e9n\u00e9rales 2015 \u00e0 Duisburg\" alt=\"Assembl\u00e9es g\u00e9n\u00e9rales 2015 \u00e0 Duisburg\"    itemprop=\"thumbnailUrl\" ><div class='av-inner-masonry-sizer'><\/div><figure class='av-inner-masonry main_color'><div class=\"av-masonry-outerimage-container\"><div class='av-masonry-image-container' style=\"background-image: url(https:\/\/www.maine-anjou.de\/ma\/assets\/2015\/07\/jhv-2015-transportfahrzeug-470x705.jpg);\"  title=\"Assembl\u00e9es g\u00e9n\u00e9rales 2015 \u00e0 Duisburg\"   alt=\"Assembl\u00e9es g\u00e9n\u00e9rales 2015 \u00e0 Duisburg\" ><\/div><\/div><figcaption class='av-inner-masonry-content site-background'><div class='av-inner-masonry-content-pos'><div class='av-inner-masonry-content-pos-content'><div class='avia-arrow'><\/div><h3 class='av-masonry-entry-title entry-title '  itemprop=\"headline\" >Assembl\u00e9es g\u00e9n\u00e9rales 2015 \u00e0 Duisburg<\/h3><\/div><\/div><\/figcaption><\/figure><\/a><!--end av-masonry entry--><\/div><\/div><\/p><\/div>\n","protected":false},"excerpt":{"rendered":"","protected":false},"featured_media":12493,"comment_status":"closed","ping_status":"closed","template":"","tags":[],"portfolio_entries":[28],"class_list":["post-12501","portfolio","type-portfolio","status-publish","has-post-thumbnail","hentry","portfolio_entries-assemblees-generales"],"_links":{"self":[{"href":"https:\/\/www.maine-anjou.de\/fr\/wp-json\/wp\/v2\/portfolio\/12501","targetHints":{"allow":["GET"]}}],"collection":[{"href":"https:\/\/www.maine-anjou.de\/fr\/wp-json\/wp\/v2\/portfolio"}],"about":[{"href":"https:\/\/www.maine-anjou.de\/fr\/wp-json\/wp\/v2\/types\/portfolio"}],"replies":[{"embeddable":true,"href":"https:\/\/www.maine-anjou.de\/fr\/wp-json\/wp\/v2\/comments?post=12501"}],"version-history":[{"count":1,"href":"https:\/\/www.maine-anjou.de\/fr\/wp-json\/wp\/v2\/portfolio\/12501\/revisions"}],"predecessor-version":[{"id":13455,"href":"https:\/\/www.maine-anjou.de\/fr\/wp-json\/wp\/v2\/portfolio\/12501\/revisions\/13455"}],"wp:featuredmedia":[{"embeddable":true,"href":"https:\/\/www.maine-anjou.de\/fr\/wp-json\/wp\/v2\/media\/12493"}],"wp:attachment":[{"href":"https:\/\/www.maine-anjou.de\/fr\/wp-json\/wp\/v2\/media?parent=12501"}],"wp:term":[{"taxonomy":"post_tag","embeddable":true,"href":"https:\/\/www.maine-anjou.de\/fr\/wp-json\/wp\/v2\/tags?post=12501"},{"taxonomy":"portfolio_entries","embeddable":true,"href":"https:\/\/www.maine-anjou.de\/fr\/wp-json\/wp\/v2\/portfolio_entries?post=12501"}],"curies":[{"name":"wp","href":"https:\/\/api.w.org\/{rel}","templated":true}]}}

Assemblées générales 2015

<div  class='flex_column av-av_one_full-2a9015ff38129c418a3f2eafba3e9512 av_one_full  avia-builder-el-0  avia-builder-el-no-sibling  first flex_column_div  '     ><p>
<style type="text/css" data-created_by="avia_inline_auto" id="style-css-av-av_heading-24daf8baa2a6a4a56f8cd3ca4b6ffb9a">
#top .av-special-heading.av-av_heading-24daf8baa2a6a4a56f8cd3ca4b6ffb9a{
padding-bottom:10px;
}
body .av-special-heading.av-av_heading-24daf8baa2a6a4a56f8cd3ca4b6ffb9a .av-special-heading-tag .heading-char{
font-size:25px;
}
.av-special-heading.av-av_heading-24daf8baa2a6a4a56f8cd3ca4b6ffb9a .av-subheading{
font-size:15px;
}
</style>
<div  class='av-special-heading av-av_heading-24daf8baa2a6a4a56f8cd3ca4b6ffb9a av-special-heading-h2  avia-builder-el-1  el_before_av_textblock  avia-builder-el-first '><h2 class='av-special-heading-tag'  itemprop="headline"  >Maine-Anjou Assemblées générales</h2><div class="special-heading-border"><div class="special-heading-inner-border"></div></div></div><br />
<section  class='av_textblock_section av-av_textblock-0366cc7376be6c9e82a3e9cc8987b64f '   itemscope="itemscope" itemtype="https://schema.org/CreativeWork" ><div class='avia_textblock'  itemprop="text" ><p>Images de Assemblée Générale 2015 à la ferme Weyand à Duisburg</p>
</div></section><br />
<div id='av-masonry-1' class='av-masonry av-av_masonry_gallery-00baff37d3e754577f815e2a22c100c1 noHover av-fixed-size av-large-gap av-hover-overlay- av-masonry-animation-active av-masonry-col-flexible av-caption-on-hover av-caption-style- av-masonry-gallery ' data-post_id="12501"><div class="av-masonry-container isotope av-js-disabled"><div class='av-masonry-entry isotope-item av-masonry-item-no-image '></div><a href="https://www.maine-anjou.de/ma/assets/2015/07/jhv-2015-maine-anjou-kuh-2-von-reinhard-weyand.jpg"  aria-label="image Assemblées générales 2015 à Duisburg"  id='av-masonry-1-item-12481' data-av-masonry-item='12481' class='av-masonry-entry isotope-item post-12481 attachment type-attachment status-inherit hentry  av-masonry-item-with-image av-grid-img' title="Assemblées générales 2015 à Duisburg" alt="Assemblées générales 2015 à Duisburg"    itemprop="thumbnailUrl" ><div class='av-inner-masonry-sizer'></div><figure class='av-inner-masonry main_color'><div class="av-masonry-outerimage-container"><div class='av-masonry-image-container' style="background-image: url(https://www.maine-anjou.de/ma/assets/2015/07/jhv-2015-maine-anjou-kuh-2-von-reinhard-weyand-705x470.jpg);"  title="Assemblées générales 2015 à Duisburg"   alt="Assemblées générales 2015 à Duisburg" ></div></div><figcaption class='av-inner-masonry-content site-background'><div class='av-inner-masonry-content-pos'><div class='av-inner-masonry-content-pos-content'><div class='avia-arrow'></div><h3 class='av-masonry-entry-title entry-title '  itemprop="headline" >Assemblées générales 2015 à Duisburg</h3></div></div></figcaption></figure></a><!--end av-masonry entry--><a href="https://www.maine-anjou.de/ma/assets/2015/07/jhv-2015-maine-anjou-kuh-kaelber-von-reinhard-weyand.jpg"  aria-label="image Assemblées générales 2015 à Duisburg"  id='av-masonry-1-item-12484' data-av-masonry-item='12484' class='av-masonry-entry isotope-item post-12484 attachment type-attachment status-inherit hentry  av-masonry-item-with-image av-grid-img' title="Assemblées générales 2015 à Duisburg" alt="Assemblées générales 2015 à Duisburg"    itemprop="thumbnailUrl" ><div class='av-inner-masonry-sizer'></div><figure class='av-inner-masonry main_color'><div class="av-masonry-outerimage-container"><div class='av-masonry-image-container' style="background-image: url(https://www.maine-anjou.de/ma/assets/2015/07/jhv-2015-maine-anjou-kuh-kaelber-von-reinhard-weyand-470x705.jpg);"  title="Assemblées générales 2015 à Duisburg"   alt="Assemblées générales 2015 à Duisburg" ></div></div><figcaption class='av-inner-masonry-content site-background'><div class='av-inner-masonry-content-pos'><div class='av-inner-masonry-content-pos-content'><div class='avia-arrow'></div><h3 class='av-masonry-entry-title entry-title '  itemprop="headline" >Assemblées générales 2015 à Duisburg</h3></div></div></figcaption></figure></a><!--end av-masonry entry--><a href="https://www.maine-anjou.de/ma/assets/2015/07/jhv-2015-maine-anjou-kuh-von-reinhard-weyand.jpg"  aria-label="image Assemblées générales 2015 à Duisburg"  id='av-masonry-1-item-12487' data-av-masonry-item='12487' class='av-masonry-entry isotope-item post-12487 attachment type-attachment status-inherit hentry  av-masonry-item-with-image av-grid-img' title="Assemblées générales 2015 à Duisburg" alt="Assemblées générales 2015 à Duisburg"    itemprop="thumbnailUrl" ><div class='av-inner-masonry-sizer'></div><figure class='av-inner-masonry main_color'><div class="av-masonry-outerimage-container"><div class='av-masonry-image-container' style="background-image: url(https://www.maine-anjou.de/ma/assets/2015/07/jhv-2015-maine-anjou-kuh-von-reinhard-weyand-705x470.jpg);"  title="Assemblées générales 2015 à Duisburg"   alt="Assemblées générales 2015 à Duisburg" ></div></div><figcaption class='av-inner-masonry-content site-background'><div class='av-inner-masonry-content-pos'><div class='av-inner-masonry-content-pos-content'><div class='avia-arrow'></div><h3 class='av-masonry-entry-title entry-title '  itemprop="headline" >Assemblées générales 2015 à Duisburg</h3></div></div></figcaption></figure></a><!--end av-masonry entry--><a href="https://www.maine-anjou.de/ma/assets/2015/07/jhv-2015-mitfahrer.jpg"  aria-label="image Assemblées générales 2015 à Duisburg"  id='av-masonry-1-item-12490' data-av-masonry-item='12490' class='av-masonry-entry isotope-item post-12490 attachment type-attachment status-inherit hentry  av-masonry-item-with-image av-grid-img' title="Assemblées générales 2015 à Duisburg" alt="Assemblées générales 2015 à Duisburg"    itemprop="thumbnailUrl" ><div class='av-inner-masonry-sizer'></div><figure class='av-inner-masonry main_color'><div class="av-masonry-outerimage-container"><div class='av-masonry-image-container' style="background-image: url(https://www.maine-anjou.de/ma/assets/2015/07/jhv-2015-mitfahrer-705x470.jpg);"  title="Assemblées générales 2015 à Duisburg"   alt="Assemblées générales 2015 à Duisburg" ></div></div><figcaption class='av-inner-masonry-content site-background'><div class='av-inner-masonry-content-pos'><div class='av-inner-masonry-content-pos-content'><div class='avia-arrow'></div><h3 class='av-masonry-entry-title entry-title '  itemprop="headline" >Assemblées générales 2015 à Duisburg</h3></div></div></figcaption></figure></a><!--end av-masonry entry--><a href="https://www.maine-anjou.de/ma/assets/2015/07/jhv-2015-mitglieder.jpg"  aria-label="image Assemblées générales 2015 à Duisburg"  id='av-masonry-1-item-12493' data-av-masonry-item='12493' class='av-masonry-entry isotope-item post-12493 attachment type-attachment status-inherit hentry  av-masonry-item-with-image av-grid-img' title="Assemblées générales 2015 à Duisburg" alt="Assemblées générales 2015 à Duisburg"    itemprop="thumbnailUrl" ><div class='av-inner-masonry-sizer'></div><figure class='av-inner-masonry main_color'><div class="av-masonry-outerimage-container"><div class='av-masonry-image-container' style="background-image: url(https://www.maine-anjou.de/ma/assets/2015/07/jhv-2015-mitglieder-705x470.jpg);"  title="Assemblées générales 2015 à Duisburg"   alt="Assemblées générales 2015 à Duisburg" ></div></div><figcaption class='av-inner-masonry-content site-background'><div class='av-inner-masonry-content-pos'><div class='av-inner-masonry-content-pos-content'><div class='avia-arrow'></div><h3 class='av-masonry-entry-title entry-title '  itemprop="headline" >Assemblées générales 2015 à Duisburg</h3></div></div></figcaption></figure></a><!--end av-masonry entry--><a href="https://www.maine-anjou.de/ma/assets/2015/07/jhv-2015-transport.jpg"  aria-label="image Assemblées générales 2015 à Duisburg"  id='av-masonry-1-item-12496' data-av-masonry-item='12496' class='av-masonry-entry isotope-item post-12496 attachment type-attachment status-inherit hentry  av-masonry-item-with-image av-grid-img' title="Assemblées générales 2015 à Duisburg" alt="Assemblées générales 2015 à Duisburg"    itemprop="thumbnailUrl" ><div class='av-inner-masonry-sizer'></div><figure class='av-inner-masonry main_color'><div class="av-masonry-outerimage-container"><div class='av-masonry-image-container' style="background-image: url(https://www.maine-anjou.de/ma/assets/2015/07/jhv-2015-transport-705x470.jpg);"  title="Assemblées générales 2015 à Duisburg"   alt="Assemblées générales 2015 à Duisburg" ></div></div><figcaption class='av-inner-masonry-content site-background'><div class='av-inner-masonry-content-pos'><div class='av-inner-masonry-content-pos-content'><div class='avia-arrow'></div><h3 class='av-masonry-entry-title entry-title '  itemprop="headline" >Assemblées générales 2015 à Duisburg</h3></div></div></figcaption></figure></a><!--end av-masonry entry--><a href="https://www.maine-anjou.de/ma/assets/2015/07/jhv-2015-transportfahrzeug.jpg"  aria-label="image Assemblées générales 2015 à Duisburg"  id='av-masonry-1-item-12499' data-av-masonry-item='12499' class='av-masonry-entry isotope-item post-12499 attachment type-attachment status-inherit hentry  av-masonry-item-with-image av-grid-img' title="Assemblées générales 2015 à Duisburg" alt="Assemblées générales 2015 à Duisburg"    itemprop="thumbnailUrl" ><div class='av-inner-masonry-sizer'></div><figure class='av-inner-masonry main_color'><div class="av-masonry-outerimage-container"><div class='av-masonry-image-container' style="background-image: url(https://www.maine-anjou.de/ma/assets/2015/07/jhv-2015-transportfahrzeug-470x705.jpg);"  title="Assemblées générales 2015 à Duisburg"   alt="Assemblées générales 2015 à Duisburg" ></div></div><figcaption class='av-inner-masonry-content site-background'><div class='av-inner-masonry-content-pos'><div class='av-inner-masonry-content-pos-content'><div class='avia-arrow'></div><h3 class='av-masonry-entry-title entry-title '  itemprop="headline" >Assemblées générales 2015 à Duisburg</h3></div></div></figcaption></figure></a><!--end av-masonry entry--></div></div></p></div>
