{"id":15301,"date":"2025-05-06T16:48:07","date_gmt":"2025-05-06T14:48:07","guid":{"rendered":"https:\/\/www.maine-anjou.de\/events\/14-mavd-members-assembly"},"modified":"2026-04-07T12:01:06","modified_gmt":"2026-04-07T10:01:06","slug":"15-mavd-assemblee-generale-2","status":"publish","type":"pec-events","link":"https:\/\/www.maine-anjou.de\/fr\/events\/15-mavd-assemblee-generale-2","title":{"rendered":"15. MAVD Assembl\u00e9e g\u00e9n\u00e9rale"},"content":{"rendered":"<p>Nous commen\u00e7ons le 23 mai 2026 \u00e0 16h00 avec une visite d&rsquo;entreprise et un \u00e9change d&rsquo;informations. \u00c0 partir de 19h00, nous dirigerons la partie officielle de l&rsquo;Assembl\u00e9e g\u00e9n\u00e9rale annuelle.<br \/>\nCependant, vous pouvez vous inscrire d\u00e8s maintenant par e-mail: <a href=\"&#109;&#97;i&#108;t&#111;:&#105;n&#102;&#111;&#64;&#109;&#97;i&#110;e&#45;&#97;&#110;j&#111;u.d&#101;\">&#105;nf&#111;&#64;ma&#105;&#110;&#101;&#45;an&#106;&#111;&#117;.&#100;&#101;<\/a><br \/><a href=\"https:\/\/www.maine-anjou.de\/ma\/assets\/2026\/04\/15-_Mitgliederversammlung-2026-05-23-Einladung.pdf\" rel=\"noopener\" target=\"_blank\">Voici le PDF de l&rsquo;invitation<\/a>.<\/p>\n","protected":false},"author":1,"featured_media":0,"comment_status":"closed","ping_status":"closed","template":"","meta":[],"tags":[],"pec_events_category":[],"class_list":["post-15301","pec-events","type-pec-events","status-publish","hentry"],"pec_date":"2026-05-23 19:00:00","pec_venue_map_lnlat":"","pec_featured_image":"","pec_id_calendar":"2","pec_featured_event":"","pec_all_day":"","pec_tbc":"","pec_daily_working_days":"","pec_daily_every":"1","pec_weekly_every":"1","pec_weekly_day":"","pec_monthly_every":"1","pec_monthly_position":"","pec_monthly_day":"","pec_exceptions":"","pec_extra_dates":"","pec_end_date":"","pec_link":"","pec_age_range":"","pec_map":"","pec_end_time_hh":"","pec_end_time_mm":"","pec_hide_time":"","pec_organizer":"","pec_phone":"","pec_recurring_frecuency":"0","pec_location":"15327","_links":{"self":[{"href":"https:\/\/www.maine-anjou.de\/fr\/wp-json\/wp\/v2\/pec-events\/15301","targetHints":{"allow":["GET"]}}],"collection":[{"href":"https:\/\/www.maine-anjou.de\/fr\/wp-json\/wp\/v2\/pec-events"}],"about":[{"href":"https:\/\/www.maine-anjou.de\/fr\/wp-json\/wp\/v2\/types\/pec-events"}],"author":[{"embeddable":true,"href":"https:\/\/www.maine-anjou.de\/fr\/wp-json\/wp\/v2\/users\/1"}],"replies":[{"embeddable":true,"href":"https:\/\/www.maine-anjou.de\/fr\/wp-json\/wp\/v2\/comments?post=15301"}],"wp:attachment":[{"href":"https:\/\/www.maine-anjou.de\/fr\/wp-json\/wp\/v2\/media?parent=15301"}],"wp:term":[{"taxonomy":"post_tag","embeddable":true,"href":"https:\/\/www.maine-anjou.de\/fr\/wp-json\/wp\/v2\/tags?post=15301"},{"taxonomy":"pec_events_category","embeddable":true,"href":"https:\/\/www.maine-anjou.de\/fr\/wp-json\/wp\/v2\/pec_events_category?post=15301"}],"curies":[{"name":"wp","href":"https:\/\/api.w.org\/{rel}","templated":true}]}}

15. MAVD Assemblée générale

<p>Nous commençons le 23 mai 2026 à 16h00 avec une visite d&rsquo;entreprise et un échange d&rsquo;informations. À partir de 19h00, nous dirigerons la partie officielle de l&rsquo;Assemblée générale annuelle.<br />
Cependant, vous pouvez vous inscrire dès maintenant par e-mail: <a href="&#109;&#97;i&#108;t&#111;:&#105;n&#102;&#111;&#64;&#109;&#97;i&#110;e&#45;&#97;&#110;j&#111;u.d&#101;">&#105;nf&#111;&#64;ma&#105;&#110;&#101;&#45;an&#106;&#111;&#117;.&#100;&#101;</a><br /><a href="https://www.maine-anjou.de/ma/assets/2026/04/15-_Mitgliederversammlung-2026-05-23-Einladung.pdf" rel="noopener" target="_blank">Voici le PDF de l&rsquo;invitation</a>.</p>
