{"id":14928,"date":"2023-04-23T10:46:44","date_gmt":"2023-04-23T08:46:44","guid":{"rendered":"https:\/\/www.maine-anjou.de\/?post_type=pec-events&#038;p=14928"},"modified":"2024-05-26T13:48:48","modified_gmt":"2024-05-26T11:48:48","slug":"13-mavd-assemblee-generale","status":"publish","type":"pec-events","link":"https:\/\/www.maine-anjou.de\/fr\/events\/13-mavd-assemblee-generale","title":{"rendered":"13. MAVD Assembl\u00e9e g\u00e9n\u00e9rale"},"content":{"rendered":"<p>Nous commen\u00e7ons le 15 juin 2024 \u00e0 16h00 avec une visite d&rsquo;entreprise et un \u00e9change d&rsquo;informations. \u00c0 partir de 19h00, nous dirigerons la partie officielle de l&rsquo;Assembl\u00e9e g\u00e9n\u00e9rale annuelle.<br \/>\nCependant, vous pouvez vous inscrire d\u00e8s maintenant par e-mail: <a href=\"&#109;&#97;i&#108;&#116;&#111;:&#105;nf&#111;&#64;&#109;&#97;&#105;&#110;e-anj&#111;&#117;&#46;&#100;e\">&#105;n&#102;&#111;&#64;&#109;&#97;&#105;ne&#45;an&#106;&#111;&#117;&#46;d&#101;<\/a><br \/><a href=\"https:\/\/www.maine-anjou.de\/ma\/assets\/2024\/05\/13_Mitgliederversammlung-2024-06-15-Einladung.pdf\" rel=\"noopener\" target=\"_blank\">Voici le PDF de l&rsquo;invitation<\/a>.<\/p>\n","protected":false},"author":1,"featured_media":0,"comment_status":"closed","ping_status":"closed","template":"","meta":[],"tags":[],"pec_events_category":[],"class_list":["post-14928","pec-events","type-pec-events","status-publish","hentry"],"pec_date":"2024-06-15 19:00:00","pec_venue_map_lnlat":"","pec_featured_image":"","pec_id_calendar":"2","pec_featured_event":"","pec_all_day":"","pec_tbc":"","pec_daily_working_days":"","pec_daily_every":"1","pec_weekly_every":"1","pec_weekly_day":"","pec_monthly_every":"1","pec_monthly_position":"","pec_monthly_day":"","pec_exceptions":"","pec_extra_dates":"","pec_end_date":"","pec_link":"","pec_age_range":"","pec_map":"","pec_end_time_hh":"","pec_end_time_mm":"","pec_hide_time":"","pec_organizer":"","pec_phone":"","pec_recurring_frecuency":"0","pec_location":"15191","_links":{"self":[{"href":"https:\/\/www.maine-anjou.de\/fr\/wp-json\/wp\/v2\/pec-events\/14928","targetHints":{"allow":["GET"]}}],"collection":[{"href":"https:\/\/www.maine-anjou.de\/fr\/wp-json\/wp\/v2\/pec-events"}],"about":[{"href":"https:\/\/www.maine-anjou.de\/fr\/wp-json\/wp\/v2\/types\/pec-events"}],"author":[{"embeddable":true,"href":"https:\/\/www.maine-anjou.de\/fr\/wp-json\/wp\/v2\/users\/1"}],"replies":[{"embeddable":true,"href":"https:\/\/www.maine-anjou.de\/fr\/wp-json\/wp\/v2\/comments?post=14928"}],"wp:attachment":[{"href":"https:\/\/www.maine-anjou.de\/fr\/wp-json\/wp\/v2\/media?parent=14928"}],"wp:term":[{"taxonomy":"post_tag","embeddable":true,"href":"https:\/\/www.maine-anjou.de\/fr\/wp-json\/wp\/v2\/tags?post=14928"},{"taxonomy":"pec_events_category","embeddable":true,"href":"https:\/\/www.maine-anjou.de\/fr\/wp-json\/wp\/v2\/pec_events_category?post=14928"}],"curies":[{"name":"wp","href":"https:\/\/api.w.org\/{rel}","templated":true}]}}

13. MAVD Assemblée générale

<p>Nous commençons le 15 juin 2024 à 16h00 avec une visite d&rsquo;entreprise et un échange d&rsquo;informations. À partir de 19h00, nous dirigerons la partie officielle de l&rsquo;Assemblée générale annuelle.<br />
Cependant, vous pouvez vous inscrire dès maintenant par e-mail: <a href="&#109;&#97;i&#108;&#116;&#111;:&#105;nf&#111;&#64;&#109;&#97;&#105;&#110;e-anj&#111;&#117;&#46;&#100;e">&#105;n&#102;&#111;&#64;&#109;&#97;&#105;ne&#45;an&#106;&#111;&#117;&#46;d&#101;</a><br /><a href="https://www.maine-anjou.de/ma/assets/2024/05/13_Mitgliederversammlung-2024-06-15-Einladung.pdf" rel="noopener" target="_blank">Voici le PDF de l&rsquo;invitation</a>.</p>
