{"id":12033,"date":"2015-01-21T14:11:03","date_gmt":"2015-01-21T13:11:03","guid":{"rendered":"http:\/\/www.maine-anjou.de\/?page_id=12033"},"modified":"2025-07-14T10:47:17","modified_gmt":"2025-07-14T08:47:17","slug":"mentions-legales","status":"publish","type":"page","link":"https:\/\/www.maine-anjou.de\/fr\/mentions-legales.html","title":{"rendered":"Mentions l\u00e9gales"},"content":{"rendered":"\n<style type=\"text\/css\" data-created_by=\"avia_inline_auto\" id=\"style-css-av-s2pptt-e3025093abc2e2c459ca1f7b9688290a\">\n#top .av-special-heading.av-s2pptt-e3025093abc2e2c459ca1f7b9688290a{\npadding-bottom:10px;\n}\nbody .av-special-heading.av-s2pptt-e3025093abc2e2c459ca1f7b9688290a .av-special-heading-tag .heading-char{\nfont-size:25px;\n}\n.av-special-heading.av-s2pptt-e3025093abc2e2c459ca1f7b9688290a .av-subheading{\nfont-size:15px;\n}\n<\/style>\n<div  class='av-special-heading av-s2pptt-e3025093abc2e2c459ca1f7b9688290a av-special-heading-h2  avia-builder-el-0  el_before_av_textblock  avia-builder-el-first '><h2 class='av-special-heading-tag'  itemprop=\"headline\"  >Mentions l\u00e9gales<\/h2><div class=\"special-heading-border\"><div class=\"special-heading-inner-border\"><\/div><\/div><\/div>\n<section  class='av_textblock_section av-k308wxuz-8f39236fe9fb5e0fd5ec49403da638dc '   itemscope=\"itemscope\" itemtype=\"https:\/\/schema.org\/CreativeWork\" ><div class='avia_textblock'  itemprop=\"text\" ><div id=\"impressum\">\n<div class=\"adresse-li\">\n<h3>Le bureau de l\u2019association<\/h3>\n<p>1. Pr\u00e9sident:<br \/>\nRue, Num\u00e9ro:<br \/>\nPays-code postal Ville:<\/p>\n<p>T\u00e9l\u00e9phone:<\/p>\n<p>E-mail:<br \/>\nInternet:<\/p>\n<p>Repr\u00e9sentants <a title=\"Directoire Maine-Anjou Association Allemagne\" href=\"https:\/\/www.maine-anjou.de\/fr\/association-2\/directoire.html\">l\u00e9gaux<\/a>:<\/p>\n<p>Tribunal:<br \/>\nNum\u00e9ro de registre:<\/p>\n<\/div>\n<div class=\"adresse-re\">\n<h3>Maine-Anjou Verband Deutschland e.V.<\/h3>\n<p>Hans-Volkert Otzen<br \/>\nZum Nordtor 1<br \/>\nD-24866 Busdorf<\/p>\n<p>+49 (0)4621 &#8211; 35 711<\/p>\n<p><a href=\"m&#97;il&#116;o:i&#110;f&#111;&#64;&#109;&#97;in&#101;&#45;a&#110;&#106;&#111;u&#46;de\">&#105;&#110;fo&#64;&#109;a&#105;&#110;e&#45;&#97;njou.&#100;&#101;<\/a><br \/>\n<a title=\"Maine-Anjou Association Allemagne\" href=\"https:\/\/www.maine-anjou.de\/\">https:\/\/www.maine-anjou.de<\/a><\/p>\n<p>Hans-Volkert Otzen \u2022 Reimund Lesen<\/p>\n<p>Tribunal d\u2019instance de Flensburg<br \/>\nVR 2653 FL<\/p>\n<\/div>\n<\/div>\n<div class=\"clearboth\"><\/div>\n<h2>Conseil d&rsquo;arbitrage universel\/r\u00e8glement des litiges de consommatio<\/h2>\n<p>Nous ne sommes ni oblig\u00e9s ni dispos\u00e9s \u00e0 participer au processus de r\u00e9solution des litiges.<\/p>\n<p>Politique de <a title=\"Politique de confidentialit\u00e9\" href=\"https:\/\/www.maine-anjou.de\/fr\/declaration-de-confidentialite.html\">confidentialit\u00e9<\/a>.<\/p>\n<p>Site web r\u00e9alis\u00e9 par <a title=\"mediaOffice GbR, Wegezin MV\" href=\"https:\/\/www.mediaoffice.de\"><img decoding=\"async\" class=\"mo-logo-s\" title=\"mediaOffice GbR, Wegezin MV\" src=\"https:\/\/www.mediaoffice.de\/logo\/logo-mediaoffice.png\" alt=\"mediaOffice GbR, Wegezin MV\" \/>mediaOffice GbR<\/a>, Wegezin MV.<\/p>\n<div class=\"clearboth\"><\/div>\n<\/div><\/section>\n","protected":false},"excerpt":{"rendered":"","protected":false},"author":1,"featured_media":0,"parent":0,"menu_order":11,"comment_status":"closed","ping_status":"open","template":"","meta":{"footnotes":""},"class_list":["post-12033","page","type-page","status-publish","hentry"],"_links":{"self":[{"href":"https:\/\/www.maine-anjou.de\/fr\/wp-json\/wp\/v2\/pages\/12033","targetHints":{"allow":["GET"]}}],"collection":[{"href":"https:\/\/www.maine-anjou.de\/fr\/wp-json\/wp\/v2\/pages"}],"about":[{"href":"https:\/\/www.maine-anjou.de\/fr\/wp-json\/wp\/v2\/types\/page"}],"author":[{"embeddable":true,"href":"https:\/\/www.maine-anjou.de\/fr\/wp-json\/wp\/v2\/users\/1"}],"replies":[{"embeddable":true,"href":"https:\/\/www.maine-anjou.de\/fr\/wp-json\/wp\/v2\/comments?post=12033"}],"version-history":[{"count":3,"href":"https:\/\/www.maine-anjou.de\/fr\/wp-json\/wp\/v2\/pages\/12033\/revisions"}],"predecessor-version":[{"id":15320,"href":"https:\/\/www.maine-anjou.de\/fr\/wp-json\/wp\/v2\/pages\/12033\/revisions\/15320"}],"wp:attachment":[{"href":"https:\/\/www.maine-anjou.de\/fr\/wp-json\/wp\/v2\/media?parent=12033"}],"curies":[{"name":"wp","href":"https:\/\/api.w.org\/{rel}","templated":true}]}}

Mentions légales

<style type="text/css" data-created_by="avia_inline_auto" id="style-css-av-s2pptt-e3025093abc2e2c459ca1f7b9688290a">
#top .av-special-heading.av-s2pptt-e3025093abc2e2c459ca1f7b9688290a{
padding-bottom:10px;
}
body .av-special-heading.av-s2pptt-e3025093abc2e2c459ca1f7b9688290a .av-special-heading-tag .heading-char{
font-size:25px;
}
.av-special-heading.av-s2pptt-e3025093abc2e2c459ca1f7b9688290a .av-subheading{
font-size:15px;
}
</style>
<div  class='av-special-heading av-s2pptt-e3025093abc2e2c459ca1f7b9688290a av-special-heading-h2  avia-builder-el-0  el_before_av_textblock  avia-builder-el-first '><h2 class='av-special-heading-tag'  itemprop="headline"  >Mentions légales</h2><div class="special-heading-border"><div class="special-heading-inner-border"></div></div></div>
<section  class='av_textblock_section av-k308wxuz-8f39236fe9fb5e0fd5ec49403da638dc '   itemscope="itemscope" itemtype="https://schema.org/CreativeWork" ><div class='avia_textblock'  itemprop="text" ><div id="impressum">
<div class="adresse-li">
<h3>Le bureau de l’association</h3>
<p>1. Président:<br />
Rue, Numéro:<br />
Pays-code postal Ville:</p>
<p>Téléphone:</p>
<p>E-mail:<br />
Internet:</p>
<p>Représentants <a title="Directoire Maine-Anjou Association Allemagne" href="https://www.maine-anjou.de/fr/association-2/directoire.html">légaux</a>:</p>
<p>Tribunal:<br />
Numéro de registre:</p>
</div>
<div class="adresse-re">
<h3>Maine-Anjou Verband Deutschland e.V.</h3>
<p>Hans-Volkert Otzen<br />
Zum Nordtor 1<br />
D-24866 Busdorf</p>
<p>+49 (0)4621 &#8211; 35 711</p>
<p><a href="m&#97;il&#116;o:i&#110;f&#111;&#64;&#109;&#97;in&#101;&#45;a&#110;&#106;&#111;u&#46;de">&#105;&#110;fo&#64;&#109;a&#105;&#110;e&#45;&#97;njou.&#100;&#101;</a><br />
<a title="Maine-Anjou Association Allemagne" href="https://www.maine-anjou.de/">https://www.maine-anjou.de</a></p>
<p>Hans-Volkert Otzen • Reimund Lesen</p>
<p>Tribunal d’instance de Flensburg<br />
VR 2653 FL</p>
</div>
</div>
<div class="clearboth"></div>
<h2>Conseil d&rsquo;arbitrage universel/règlement des litiges de consommatio</h2>
<p>Nous ne sommes ni obligés ni disposés à participer au processus de résolution des litiges.</p>
<p>Politique de <a title="Politique de confidentialité" href="https://www.maine-anjou.de/fr/declaration-de-confidentialite.html">confidentialité</a>.</p>
<p>Site web réalisé par <a title="mediaOffice GbR, Wegezin MV" href="https://www.mediaoffice.de"><img decoding="async" class="mo-logo-s" title="mediaOffice GbR, Wegezin MV" src="https://www.mediaoffice.de/logo/logo-mediaoffice.png" alt="mediaOffice GbR, Wegezin MV" />mediaOffice GbR</a>, Wegezin MV.</p>
<div class="clearboth"></div>
</div></section>
